{"id":741,"date":"2025-05-22T18:40:23","date_gmt":"2025-05-22T18:40:23","guid":{"rendered":"https:\/\/normaboveda-asoc.com.ar\/?page_id=741"},"modified":"2025-08-13T13:13:22","modified_gmt":"2025-08-13T13:13:22","slug":"axel-leonardo-soler","status":"publish","type":"page","link":"https:\/\/normaboveda-asoc.com.ar\/?page_id=741","title":{"rendered":"Axel Leonardo Soler"},"content":{"rendered":"\t\t<div data-elementor-type=\"wp-page\" data-elementor-id=\"741\" class=\"elementor elementor-741\">\n\t\t\t\t<div class=\"elementor-element elementor-element-1b42e3a e-flex e-con-boxed e-con e-parent\" data-id=\"1b42e3a\" data-element_type=\"container\">\n\t\t\t\t\t<div class=\"e-con-inner\">\n\t\t\t\t\t<\/div>\n\t\t\t\t<\/div>\n\t\t<div class=\"elementor-element elementor-element-5d9c3b1 e-flex e-con-boxed e-con e-parent\" data-id=\"5d9c3b1\" data-element_type=\"container\">\n\t\t\t\t\t<div class=\"e-con-inner\">\n\t\t<div class=\"elementor-element elementor-element-fc8695f e-con-full e-flex e-con e-child\" data-id=\"fc8695f\" data-element_type=\"container\">\n\t\t\t\t<div class=\"elementor-element elementor-element-1d8a1a1 elementor-widget elementor-widget-heading\" data-id=\"1d8a1a1\" data-element_type=\"widget\" data-widget_type=\"heading.default\">\n\t\t\t\t<div class=\"elementor-widget-container\">\n\t\t\t\t\t<h2 class=\"elementor-heading-title elementor-size-default\"> Axel Leonardo Soler<\/h2>\t\t\t\t<\/div>\n\t\t\t\t<\/div>\n\t\t\t\t<div class=\"elementor-element elementor-element-4fea147 elementor-widget elementor-widget-text-editor\" data-id=\"4fea147\" data-element_type=\"widget\" data-widget_type=\"text-editor.default\">\n\t\t\t\t<div class=\"elementor-widget-container\">\n\t\t\t\t\t\t\t\t\t<blockquote><p>\u00a0Se recibi\u00f3 en la Facultad de Derecho de la Universidad de Buenos Aires (UBA) con un promedio que le permiti\u00f3 alcanzar el Diploma de Honor en dicha instituci\u00f3n. Desde el a\u00f1o 2015 trabaja en el Estudio Norma B\u00f3veda y Asociados, siendo abogado de la matricula desde el a\u00f1o 2018. Desde el a\u00f1o 2016 pertenece a la Comisi\u00f3n de Derecho de Familia del Instituto de Familia del Colegio de Abogados de Avellaneda Lan\u00fas (CAAL).\u00a0<\/p><p>Ha participado en diversos cursos y talleres. Particip\u00f3 como ponente el primer Conservatorio sobre falsas denuncias en el fuero de familia y penal encabezado por la diputada provincial Constanza Moragues y en el Curso de Iniciaci\u00f3n Profesional en el Colegio de Avellaneda Lan\u00fas. Por su activa presencia en redes fue entrevistado por prestigiosa revistas Noticias en el a\u00f1o 2022\u00a0 y por la revista Fortuna en el a\u00f1o 2023, recibiendo ese mismo a\u00f1o el premio Fortuna de los Emprendedores.<\/p><p>\u00a0En el a\u00f1o 2024 se convirti\u00f3 en socio del Estudio Boveda y asociados.<\/p><\/blockquote>\t\t\t\t\t\t\t\t<\/div>\n\t\t\t\t<\/div>\n\t\t\t\t<\/div>\n\t\t<div class=\"elementor-element elementor-element-f1a4dea e-con-full e-flex e-con e-child\" data-id=\"f1a4dea\" data-element_type=\"container\">\n\t\t\t\t<div class=\"elementor-element elementor-element-20d3fed elementor-hidden-tablet elementor-hidden-mobile elementor-widget elementor-widget-shortcode\" data-id=\"20d3fed\" data-element_type=\"widget\" data-widget_type=\"shortcode.default\">\n\t\t\t\t<div class=\"elementor-widget-container\">\n\t\t\t\t\t\t\t<div class=\"elementor-shortcode\"><div class=\"pgc-sgb-cb wp-block-pgcsimplygalleryblock-masonry \" data-gallery-id=\"eac34237\"><div class=\"sgb-preloader\" id=\"pr_eac34237\">\n\t<div class=\"sgb-square\" style=\"background:#d4d4d4\"><\/div>\n\t<div class=\"sgb-square\" style=\"background:#d4d4d4\"><\/div>\n\t<div class=\"sgb-square\" style=\"background:#d4d4d4\"><\/div>\n\t<div class=\"sgb-square\" style=\"background:#d4d4d4\"><\/div><\/div><div class=\"simply-gallery-amp pgc_sgb_slider \"><noscript><div class=\"sgb-gallery\"><div class=\"sgb-item\"><a href=\"https:\/\/normaboveda-asoc.com.ar\/?attachment_id=739\" target=\"_blank\"><img loading=\"lazy\" decoding=\"async\" alt=\"\" width=\"300\" height=\"200\" loading=\"lazy\" src=\"https:\/\/normaboveda-asoc.com.ar\/wp-content\/uploads\/2025\/05\/IMG_1560-300x200.jpg\" srcset=\"https:\/\/normaboveda-asoc.com.ar\/wp-content\/uploads\/2025\/05\/IMG_1560-300x200.jpg 300w,https:\/\/normaboveda-asoc.com.ar\/wp-content\/uploads\/2025\/05\/IMG_1560-1024x683.jpg 1024w,https:\/\/normaboveda-asoc.com.ar\/wp-content\/uploads\/2025\/05\/IMG_1560-scaled.jpg 2560w\" sizes=\"auto, 250px\"\/><\/a><\/div><div class=\"sgb-item\"><a href=\"https:\/\/normaboveda-asoc.com.ar\/?attachment_id=519\" target=\"_blank\"><img loading=\"lazy\" decoding=\"async\" alt=\"\" width=\"300\" height=\"200\" loading=\"lazy\" src=\"https:\/\/normaboveda-asoc.com.ar\/wp-content\/uploads\/2024\/12\/IMG_1524-1-300x200.jpg\" srcset=\"https:\/\/normaboveda-asoc.com.ar\/wp-content\/uploads\/2024\/12\/IMG_1524-1-300x200.jpg 300w,https:\/\/normaboveda-asoc.com.ar\/wp-content\/uploads\/2024\/12\/IMG_1524-1-1024x683.jpg 1024w,https:\/\/normaboveda-asoc.com.ar\/wp-content\/uploads\/2024\/12\/IMG_1524-1-scaled.jpg 2560w\" sizes=\"auto, 250px\"\/><\/a><\/div><div class=\"sgb-item\"><a href=\"https:\/\/normaboveda-asoc.com.ar\/?attachment_id=186\" target=\"_blank\"><img loading=\"lazy\" decoding=\"async\" alt=\"\" width=\"300\" height=\"283\" loading=\"lazy\" src=\"https:\/\/normaboveda-asoc.com.ar\/wp-content\/uploads\/2024\/12\/04-300x283.jpg\" srcset=\"https:\/\/normaboveda-asoc.com.ar\/wp-content\/uploads\/2024\/12\/04-300x283.jpg 300w,https:\/\/normaboveda-asoc.com.ar\/wp-content\/uploads\/2024\/12\/04-1024x966.jpg 1024w,https:\/\/normaboveda-asoc.com.ar\/wp-content\/uploads\/2024\/12\/04.jpg 1099w\" sizes=\"auto, 250px\"\/><\/a><\/div><div class=\"sgb-item\"><a href=\"https:\/\/normaboveda-asoc.com.ar\/?attachment_id=738\" target=\"_blank\"><img loading=\"lazy\" decoding=\"async\" alt=\"\" width=\"200\" height=\"300\" loading=\"lazy\" src=\"https:\/\/normaboveda-asoc.com.ar\/wp-content\/uploads\/2025\/05\/IMG_1579-200x300.jpg\" srcset=\"https:\/\/normaboveda-asoc.com.ar\/wp-content\/uploads\/2025\/05\/IMG_1579-200x300.jpg 200w,https:\/\/normaboveda-asoc.com.ar\/wp-content\/uploads\/2025\/05\/IMG_1579-683x1024.jpg 683w,https:\/\/normaboveda-asoc.com.ar\/wp-content\/uploads\/2025\/05\/IMG_1579-scaled.jpg 1707w\" sizes=\"auto, 250px\"\/><\/a><\/div><div class=\"sgb-item\"><a href=\"https:\/\/normaboveda-asoc.com.ar\/?attachment_id=832\" target=\"_blank\"><img loading=\"lazy\" decoding=\"async\" alt=\"\" width=\"300\" height=\"200\" loading=\"lazy\" src=\"https:\/\/normaboveda-asoc.com.ar\/wp-content\/uploads\/2025\/05\/IMG_1705-300x200.jpg\" srcset=\"https:\/\/normaboveda-asoc.com.ar\/wp-content\/uploads\/2025\/05\/IMG_1705-300x200.jpg 300w,https:\/\/normaboveda-asoc.com.ar\/wp-content\/uploads\/2025\/05\/IMG_1705-1024x683.jpg 1024w,https:\/\/normaboveda-asoc.com.ar\/wp-content\/uploads\/2025\/05\/IMG_1705.jpg 1555w\" sizes=\"auto, 250px\"\/><\/a><\/div><\/div><\/noscript><\/div><script type=\"application\/json\" class=\"sgb-data\">{\"galleryType\":\"pgc_sgb_masonry\",\"galleryId\":\"eac34237\",\"images\":[{\"id\":739,\"title\":\"IMG_1560\",\"url\":\"https:\/\/normaboveda-asoc.com.ar\/wp-content\/uploads\/2025\/05\/IMG_1560-scaled.jpg\",\"link\":\"https:\/\/normaboveda-asoc.com.ar\/?attachment_id=739\",\"alt\":\"\",\"description\":\"\",\"caption\":\"\",\"mime\":\"image\/jpeg\",\"type\":\"image\",\"width\":2560,\"height\":1707,\"sizes\":{\"thumbnail\":{\"height\":150,\"width\":150,\"url\":\"https:\/\/normaboveda-asoc.com.ar\/wp-content\/uploads\/2025\/05\/IMG_1560-150x150.jpg\",\"orientation\":\"landscape\"},\"medium\":{\"height\":200,\"width\":300,\"url\":\"https:\/\/normaboveda-asoc.com.ar\/wp-content\/uploads\/2025\/05\/IMG_1560-300x200.jpg\",\"orientation\":\"landscape\"},\"large\":{\"height\":683,\"width\":1024,\"url\":\"https:\/\/normaboveda-asoc.com.ar\/wp-content\/uploads\/2025\/05\/IMG_1560-1024x683.jpg\",\"orientation\":\"landscape\"},\"full\":{\"url\":\"https:\/\/normaboveda-asoc.com.ar\/wp-content\/uploads\/2025\/05\/IMG_1560-scaled.jpg\",\"height\":1707,\"width\":2560,\"orientation\":\"landscape\"}},\"imageMeta\":{\"aperture\":\"1.8\",\"credit\":\"\",\"camera\":\"Canon EOS 60D\",\"caption\":\"\",\"created_timestamp\":\"1733139181\",\"copyright\":\"\",\"focal_length\":\"50\",\"iso\":\"200\",\"shutter_speed\":\"0.02\",\"title\":\"\",\"orientation\":\"1\",\"keywords\":[]},\"meta\":false,\"postlink\":\"https:\/\/normaboveda-asoc.com.ar\/?attachment_id=739\"},{\"id\":519,\"title\":\"IMG_1524\",\"url\":\"https:\/\/normaboveda-asoc.com.ar\/wp-content\/uploads\/2024\/12\/IMG_1524-1-scaled.jpg\",\"link\":\"https:\/\/normaboveda-asoc.com.ar\/?attachment_id=519\",\"alt\":\"\",\"description\":\"\",\"caption\":\"\",\"mime\":\"image\/jpeg\",\"type\":\"image\",\"width\":2560,\"height\":1707,\"sizes\":{\"thumbnail\":{\"height\":150,\"width\":150,\"url\":\"https:\/\/normaboveda-asoc.com.ar\/wp-content\/uploads\/2024\/12\/IMG_1524-1-150x150.jpg\",\"orientation\":\"landscape\"},\"medium\":{\"height\":200,\"width\":300,\"url\":\"https:\/\/normaboveda-asoc.com.ar\/wp-content\/uploads\/2024\/12\/IMG_1524-1-300x200.jpg\",\"orientation\":\"landscape\"},\"large\":{\"height\":683,\"width\":1024,\"url\":\"https:\/\/normaboveda-asoc.com.ar\/wp-content\/uploads\/2024\/12\/IMG_1524-1-1024x683.jpg\",\"orientation\":\"landscape\"},\"full\":{\"url\":\"https:\/\/normaboveda-asoc.com.ar\/wp-content\/uploads\/2024\/12\/IMG_1524-1-scaled.jpg\",\"height\":1707,\"width\":2560,\"orientation\":\"landscape\"}},\"imageMeta\":{\"aperture\":\"1.8\",\"credit\":\"\",\"camera\":\"Canon EOS 60D\",\"caption\":\"\",\"created_timestamp\":\"1733138834\",\"copyright\":\"\",\"focal_length\":\"50\",\"iso\":\"200\",\"shutter_speed\":\"0.016666666666667\",\"title\":\"\",\"orientation\":\"1\",\"keywords\":[]},\"meta\":false,\"postlink\":\"https:\/\/normaboveda-asoc.com.ar\/?attachment_id=519\"},{\"id\":186,\"title\":\"04\",\"url\":\"https:\/\/normaboveda-asoc.com.ar\/wp-content\/uploads\/2024\/12\/04.jpg\",\"link\":\"https:\/\/normaboveda-asoc.com.ar\/?attachment_id=186\",\"alt\":\"\",\"description\":\"\",\"caption\":\"\",\"mime\":\"image\/jpeg\",\"type\":\"image\",\"width\":1099,\"height\":1037,\"sizes\":{\"thumbnail\":{\"height\":150,\"width\":150,\"url\":\"https:\/\/normaboveda-asoc.com.ar\/wp-content\/uploads\/2024\/12\/04-150x150.jpg\",\"orientation\":\"landscape\"},\"medium\":{\"height\":283,\"width\":300,\"url\":\"https:\/\/normaboveda-asoc.com.ar\/wp-content\/uploads\/2024\/12\/04-300x283.jpg\",\"orientation\":\"landscape\"},\"large\":{\"height\":966,\"width\":1024,\"url\":\"https:\/\/normaboveda-asoc.com.ar\/wp-content\/uploads\/2024\/12\/04-1024x966.jpg\",\"orientation\":\"landscape\"},\"full\":{\"url\":\"https:\/\/normaboveda-asoc.com.ar\/wp-content\/uploads\/2024\/12\/04.jpg\",\"height\":1037,\"width\":1099,\"orientation\":\"landscape\"}},\"imageMeta\":{\"aperture\":\"0\",\"credit\":\"\",\"camera\":\"\",\"caption\":\"\",\"created_timestamp\":\"0\",\"copyright\":\"\",\"focal_length\":\"0\",\"iso\":\"0\",\"shutter_speed\":\"0\",\"title\":\"\",\"orientation\":\"0\",\"keywords\":[]},\"meta\":false,\"postlink\":\"https:\/\/normaboveda-asoc.com.ar\/?attachment_id=186\"},{\"id\":738,\"title\":\"IMG_1579\",\"url\":\"https:\/\/normaboveda-asoc.com.ar\/wp-content\/uploads\/2025\/05\/IMG_1579-scaled.jpg\",\"link\":\"https:\/\/normaboveda-asoc.com.ar\/?attachment_id=738\",\"alt\":\"\",\"description\":\"\",\"caption\":\"\",\"mime\":\"image\/jpeg\",\"type\":\"image\",\"width\":1707,\"height\":2560,\"sizes\":{\"thumbnail\":{\"height\":150,\"width\":150,\"url\":\"https:\/\/normaboveda-asoc.com.ar\/wp-content\/uploads\/2025\/05\/IMG_1579-150x150.jpg\",\"orientation\":\"landscape\"},\"medium\":{\"height\":300,\"width\":200,\"url\":\"https:\/\/normaboveda-asoc.com.ar\/wp-content\/uploads\/2025\/05\/IMG_1579-200x300.jpg\",\"orientation\":\"portrait\"},\"large\":{\"height\":1024,\"width\":683,\"url\":\"https:\/\/normaboveda-asoc.com.ar\/wp-content\/uploads\/2025\/05\/IMG_1579-683x1024.jpg\",\"orientation\":\"portrait\"},\"full\":{\"url\":\"https:\/\/normaboveda-asoc.com.ar\/wp-content\/uploads\/2025\/05\/IMG_1579-scaled.jpg\",\"height\":2560,\"width\":1707,\"orientation\":\"portrait\"}},\"imageMeta\":{\"aperture\":\"1.8\",\"credit\":\"\",\"camera\":\"Canon EOS 60D\",\"caption\":\"\",\"created_timestamp\":\"1733139450\",\"copyright\":\"\",\"focal_length\":\"50\",\"iso\":\"200\",\"shutter_speed\":\"0.025\",\"title\":\"\",\"orientation\":1,\"keywords\":[]},\"meta\":false,\"postlink\":\"https:\/\/normaboveda-asoc.com.ar\/?attachment_id=738\"},{\"id\":832,\"title\":\"IMG_1705\",\"url\":\"https:\/\/normaboveda-asoc.com.ar\/wp-content\/uploads\/2025\/05\/IMG_1705.jpg\",\"link\":\"https:\/\/normaboveda-asoc.com.ar\/?attachment_id=832\",\"alt\":\"\",\"description\":\"\",\"caption\":\"\",\"mime\":\"image\/jpeg\",\"type\":\"image\",\"width\":1555,\"height\":1037,\"sizes\":{\"thumbnail\":{\"height\":150,\"width\":150,\"url\":\"https:\/\/normaboveda-asoc.com.ar\/wp-content\/uploads\/2025\/05\/IMG_1705-150x150.jpg\",\"orientation\":\"landscape\"},\"medium\":{\"height\":200,\"width\":300,\"url\":\"https:\/\/normaboveda-asoc.com.ar\/wp-content\/uploads\/2025\/05\/IMG_1705-300x200.jpg\",\"orientation\":\"landscape\"},\"large\":{\"height\":683,\"width\":1024,\"url\":\"https:\/\/normaboveda-asoc.com.ar\/wp-content\/uploads\/2025\/05\/IMG_1705-1024x683.jpg\",\"orientation\":\"landscape\"},\"full\":{\"url\":\"https:\/\/normaboveda-asoc.com.ar\/wp-content\/uploads\/2025\/05\/IMG_1705.jpg\",\"height\":1037,\"width\":1555,\"orientation\":\"landscape\"}},\"imageMeta\":{\"aperture\":\"0\",\"credit\":\"\",\"camera\":\"\",\"caption\":\"\",\"created_timestamp\":\"0\",\"copyright\":\"\",\"focal_length\":\"0\",\"iso\":\"0\",\"shutter_speed\":\"0\",\"title\":\"\",\"orientation\":\"0\",\"keywords\":[]},\"meta\":false,\"postlink\":\"https:\/\/normaboveda-asoc.com.ar\/?attachment_id=832\"}],\"itemsMetaDataCollection\":[]}<\/script><script>(function(){if(window.PGC_SGB && window.PGC_SGB.searcher){window.PGC_SGB.searcher.initBlocks()}})()<\/script><\/div><\/div>\n\t\t\t\t\t\t<\/div>\n\t\t\t\t<\/div>\n\t\t\t\t<div class=\"elementor-element elementor-element-989b1f9 elementor-hidden-desktop elementor-widget elementor-widget-shortcode\" data-id=\"989b1f9\" data-element_type=\"widget\" data-widget_type=\"shortcode.default\">\n\t\t\t\t<div class=\"elementor-widget-container\">\n\t\t\t\t\t\t\t<div class=\"elementor-shortcode\"><div class=\"pgc-sgb-cb wp-block-pgcsimplygalleryblock-slider \" data-gallery-id=\"31566705\"style=&quot;min-height:400px&quot;><div class=\"sgb-preloader\" id=\"pr_31566705\">\n\t<div class=\"sgb-square\" style=\"background:#d4d4d4\"><\/div>\n\t<div class=\"sgb-square\" style=\"background:#d4d4d4\"><\/div>\n\t<div class=\"sgb-square\" style=\"background:#d4d4d4\"><\/div>\n\t<div class=\"sgb-square\" style=\"background:#d4d4d4\"><\/div><\/div><div class=\"simply-gallery-amp pgc_sgb_slider \"><noscript><div class=\"sgb-gallery\"><div class=\"sgb-item\"><a href=\"https:\/\/normaboveda-asoc.com.ar\/wp-content\/uploads\/2025\/05\/IMG_1705.jpg\"><img loading=\"lazy\" decoding=\"async\" alt=\"\" width=\"300\" height=\"200\" loading=\"lazy\" src=\"https:\/\/normaboveda-asoc.com.ar\/wp-content\/uploads\/2025\/05\/IMG_1705-300x200.jpg\" srcset=\"https:\/\/normaboveda-asoc.com.ar\/wp-content\/uploads\/2025\/05\/IMG_1705-300x200.jpg 300w,https:\/\/normaboveda-asoc.com.ar\/wp-content\/uploads\/2025\/05\/IMG_1705-1024x683.jpg 1024w,https:\/\/normaboveda-asoc.com.ar\/wp-content\/uploads\/2025\/05\/IMG_1705.jpg 1555w\" sizes=\"auto, 250px\"\/><\/a><\/div><div class=\"sgb-item\"><a href=\"https:\/\/normaboveda-asoc.com.ar\/wp-content\/uploads\/2025\/05\/IMG_1560-scaled.jpg\"><img loading=\"lazy\" decoding=\"async\" alt=\"\" width=\"300\" height=\"200\" loading=\"lazy\" src=\"https:\/\/normaboveda-asoc.com.ar\/wp-content\/uploads\/2025\/05\/IMG_1560-300x200.jpg\" srcset=\"https:\/\/normaboveda-asoc.com.ar\/wp-content\/uploads\/2025\/05\/IMG_1560-300x200.jpg 300w,https:\/\/normaboveda-asoc.com.ar\/wp-content\/uploads\/2025\/05\/IMG_1560-1024x683.jpg 1024w,https:\/\/normaboveda-asoc.com.ar\/wp-content\/uploads\/2025\/05\/IMG_1560-scaled.jpg 2560w\" sizes=\"auto, 250px\"\/><\/a><\/div><div class=\"sgb-item\"><a href=\"https:\/\/normaboveda-asoc.com.ar\/wp-content\/uploads\/2025\/05\/IMG_1579-scaled.jpg\"><img loading=\"lazy\" decoding=\"async\" alt=\"\" width=\"200\" height=\"300\" loading=\"lazy\" src=\"https:\/\/normaboveda-asoc.com.ar\/wp-content\/uploads\/2025\/05\/IMG_1579-200x300.jpg\" srcset=\"https:\/\/normaboveda-asoc.com.ar\/wp-content\/uploads\/2025\/05\/IMG_1579-200x300.jpg 200w,https:\/\/normaboveda-asoc.com.ar\/wp-content\/uploads\/2025\/05\/IMG_1579-683x1024.jpg 683w,https:\/\/normaboveda-asoc.com.ar\/wp-content\/uploads\/2025\/05\/IMG_1579-scaled.jpg 1707w\" sizes=\"auto, 250px\"\/><\/a><\/div><div class=\"sgb-item\"><a href=\"https:\/\/normaboveda-asoc.com.ar\/wp-content\/uploads\/2024\/12\/IMG_1524-1-scaled.jpg\"><img loading=\"lazy\" decoding=\"async\" alt=\"\" width=\"300\" height=\"200\" loading=\"lazy\" src=\"https:\/\/normaboveda-asoc.com.ar\/wp-content\/uploads\/2024\/12\/IMG_1524-1-300x200.jpg\" srcset=\"https:\/\/normaboveda-asoc.com.ar\/wp-content\/uploads\/2024\/12\/IMG_1524-1-300x200.jpg 300w,https:\/\/normaboveda-asoc.com.ar\/wp-content\/uploads\/2024\/12\/IMG_1524-1-1024x683.jpg 1024w,https:\/\/normaboveda-asoc.com.ar\/wp-content\/uploads\/2024\/12\/IMG_1524-1-scaled.jpg 2560w\" sizes=\"auto, 250px\"\/><\/a><\/div><div class=\"sgb-item\"><a href=\"https:\/\/normaboveda-asoc.com.ar\/wp-content\/uploads\/2024\/12\/04.jpg\"><img loading=\"lazy\" decoding=\"async\" alt=\"\" width=\"300\" height=\"283\" loading=\"lazy\" src=\"https:\/\/normaboveda-asoc.com.ar\/wp-content\/uploads\/2024\/12\/04-300x283.jpg\" srcset=\"https:\/\/normaboveda-asoc.com.ar\/wp-content\/uploads\/2024\/12\/04-300x283.jpg 300w,https:\/\/normaboveda-asoc.com.ar\/wp-content\/uploads\/2024\/12\/04-1024x966.jpg 1024w,https:\/\/normaboveda-asoc.com.ar\/wp-content\/uploads\/2024\/12\/04.jpg 1099w\" sizes=\"auto, 250px\"\/><\/a><\/div><\/div><\/noscript><\/div><script type=\"application\/json\" class=\"sgb-data\">{\"sliderAdminWidth\":800,\"galleryType\":\"pgc_sgb_slider\",\"galleryId\":\"31566705\",\"images\":[{\"id\":832,\"title\":\"IMG_1705\",\"url\":\"https:\/\/normaboveda-asoc.com.ar\/wp-content\/uploads\/2025\/05\/IMG_1705.jpg\",\"link\":\"https:\/\/normaboveda-asoc.com.ar\/?attachment_id=832\",\"alt\":\"\",\"description\":\"\",\"caption\":\"\",\"mime\":\"image\/jpeg\",\"type\":\"image\",\"width\":1555,\"height\":1037,\"sizes\":{\"thumbnail\":{\"height\":150,\"width\":150,\"url\":\"https:\/\/normaboveda-asoc.com.ar\/wp-content\/uploads\/2025\/05\/IMG_1705-150x150.jpg\",\"orientation\":\"landscape\"},\"medium\":{\"height\":200,\"width\":300,\"url\":\"https:\/\/normaboveda-asoc.com.ar\/wp-content\/uploads\/2025\/05\/IMG_1705-300x200.jpg\",\"orientation\":\"landscape\"},\"large\":{\"height\":683,\"width\":1024,\"url\":\"https:\/\/normaboveda-asoc.com.ar\/wp-content\/uploads\/2025\/05\/IMG_1705-1024x683.jpg\",\"orientation\":\"landscape\"},\"full\":{\"url\":\"https:\/\/normaboveda-asoc.com.ar\/wp-content\/uploads\/2025\/05\/IMG_1705.jpg\",\"height\":1037,\"width\":1555,\"orientation\":\"landscape\"}},\"imageMeta\":{\"aperture\":\"0\",\"credit\":\"\",\"camera\":\"\",\"caption\":\"\",\"created_timestamp\":\"0\",\"copyright\":\"\",\"focal_length\":\"0\",\"iso\":\"0\",\"shutter_speed\":\"0\",\"title\":\"\",\"orientation\":\"0\",\"keywords\":[]},\"meta\":false},{\"id\":739,\"title\":\"IMG_1560\",\"url\":\"https:\/\/normaboveda-asoc.com.ar\/wp-content\/uploads\/2025\/05\/IMG_1560-scaled.jpg\",\"link\":\"https:\/\/normaboveda-asoc.com.ar\/?attachment_id=739\",\"alt\":\"\",\"description\":\"\",\"caption\":\"\",\"mime\":\"image\/jpeg\",\"type\":\"image\",\"width\":2560,\"height\":1707,\"sizes\":{\"thumbnail\":{\"height\":150,\"width\":150,\"url\":\"https:\/\/normaboveda-asoc.com.ar\/wp-content\/uploads\/2025\/05\/IMG_1560-150x150.jpg\",\"orientation\":\"landscape\"},\"medium\":{\"height\":200,\"width\":300,\"url\":\"https:\/\/normaboveda-asoc.com.ar\/wp-content\/uploads\/2025\/05\/IMG_1560-300x200.jpg\",\"orientation\":\"landscape\"},\"large\":{\"height\":683,\"width\":1024,\"url\":\"https:\/\/normaboveda-asoc.com.ar\/wp-content\/uploads\/2025\/05\/IMG_1560-1024x683.jpg\",\"orientation\":\"landscape\"},\"full\":{\"url\":\"https:\/\/normaboveda-asoc.com.ar\/wp-content\/uploads\/2025\/05\/IMG_1560-scaled.jpg\",\"height\":1707,\"width\":2560,\"orientation\":\"landscape\"}},\"imageMeta\":{\"aperture\":\"1.8\",\"credit\":\"\",\"camera\":\"Canon EOS 60D\",\"caption\":\"\",\"created_timestamp\":\"1733139181\",\"copyright\":\"\",\"focal_length\":\"50\",\"iso\":\"200\",\"shutter_speed\":\"0.02\",\"title\":\"\",\"orientation\":\"1\",\"keywords\":[]},\"meta\":false},{\"id\":738,\"title\":\"IMG_1579\",\"url\":\"https:\/\/normaboveda-asoc.com.ar\/wp-content\/uploads\/2025\/05\/IMG_1579-scaled.jpg\",\"link\":\"https:\/\/normaboveda-asoc.com.ar\/?attachment_id=738\",\"alt\":\"\",\"description\":\"\",\"caption\":\"\",\"mime\":\"image\/jpeg\",\"type\":\"image\",\"width\":1707,\"height\":2560,\"sizes\":{\"thumbnail\":{\"height\":150,\"width\":150,\"url\":\"https:\/\/normaboveda-asoc.com.ar\/wp-content\/uploads\/2025\/05\/IMG_1579-150x150.jpg\",\"orientation\":\"landscape\"},\"medium\":{\"height\":300,\"width\":200,\"url\":\"https:\/\/normaboveda-asoc.com.ar\/wp-content\/uploads\/2025\/05\/IMG_1579-200x300.jpg\",\"orientation\":\"portrait\"},\"large\":{\"height\":1024,\"width\":683,\"url\":\"https:\/\/normaboveda-asoc.com.ar\/wp-content\/uploads\/2025\/05\/IMG_1579-683x1024.jpg\",\"orientation\":\"portrait\"},\"full\":{\"url\":\"https:\/\/normaboveda-asoc.com.ar\/wp-content\/uploads\/2025\/05\/IMG_1579-scaled.jpg\",\"height\":2560,\"width\":1707,\"orientation\":\"portrait\"}},\"imageMeta\":{\"aperture\":\"1.8\",\"credit\":\"\",\"camera\":\"Canon EOS 60D\",\"caption\":\"\",\"created_timestamp\":\"1733139450\",\"copyright\":\"\",\"focal_length\":\"50\",\"iso\":\"200\",\"shutter_speed\":\"0.025\",\"title\":\"\",\"orientation\":1,\"keywords\":[]},\"meta\":false},{\"id\":519,\"title\":\"IMG_1524\",\"url\":\"https:\/\/normaboveda-asoc.com.ar\/wp-content\/uploads\/2024\/12\/IMG_1524-1-scaled.jpg\",\"link\":\"https:\/\/normaboveda-asoc.com.ar\/?attachment_id=519\",\"alt\":\"\",\"description\":\"\",\"caption\":\"\",\"mime\":\"image\/jpeg\",\"type\":\"image\",\"width\":2560,\"height\":1707,\"sizes\":{\"thumbnail\":{\"height\":150,\"width\":150,\"url\":\"https:\/\/normaboveda-asoc.com.ar\/wp-content\/uploads\/2024\/12\/IMG_1524-1-150x150.jpg\",\"orientation\":\"landscape\"},\"medium\":{\"height\":200,\"width\":300,\"url\":\"https:\/\/normaboveda-asoc.com.ar\/wp-content\/uploads\/2024\/12\/IMG_1524-1-300x200.jpg\",\"orientation\":\"landscape\"},\"large\":{\"height\":683,\"width\":1024,\"url\":\"https:\/\/normaboveda-asoc.com.ar\/wp-content\/uploads\/2024\/12\/IMG_1524-1-1024x683.jpg\",\"orientation\":\"landscape\"},\"full\":{\"url\":\"https:\/\/normaboveda-asoc.com.ar\/wp-content\/uploads\/2024\/12\/IMG_1524-1-scaled.jpg\",\"height\":1707,\"width\":2560,\"orientation\":\"landscape\"}},\"imageMeta\":{\"aperture\":\"1.8\",\"credit\":\"\",\"camera\":\"Canon EOS 60D\",\"caption\":\"\",\"created_timestamp\":\"1733138834\",\"copyright\":\"\",\"focal_length\":\"50\",\"iso\":\"200\",\"shutter_speed\":\"0.016666666666667\",\"title\":\"\",\"orientation\":\"1\",\"keywords\":[]},\"meta\":false},{\"id\":186,\"title\":\"04\",\"url\":\"https:\/\/normaboveda-asoc.com.ar\/wp-content\/uploads\/2024\/12\/04.jpg\",\"link\":\"https:\/\/normaboveda-asoc.com.ar\/?attachment_id=186\",\"alt\":\"\",\"description\":\"\",\"caption\":\"\",\"mime\":\"image\/jpeg\",\"type\":\"image\",\"width\":1099,\"height\":1037,\"sizes\":{\"thumbnail\":{\"height\":150,\"width\":150,\"url\":\"https:\/\/normaboveda-asoc.com.ar\/wp-content\/uploads\/2024\/12\/04-150x150.jpg\",\"orientation\":\"landscape\"},\"medium\":{\"height\":283,\"width\":300,\"url\":\"https:\/\/normaboveda-asoc.com.ar\/wp-content\/uploads\/2024\/12\/04-300x283.jpg\",\"orientation\":\"landscape\"},\"large\":{\"height\":966,\"width\":1024,\"url\":\"https:\/\/normaboveda-asoc.com.ar\/wp-content\/uploads\/2024\/12\/04-1024x966.jpg\",\"orientation\":\"landscape\"},\"full\":{\"url\":\"https:\/\/normaboveda-asoc.com.ar\/wp-content\/uploads\/2024\/12\/04.jpg\",\"height\":1037,\"width\":1099,\"orientation\":\"landscape\"}},\"imageMeta\":{\"aperture\":\"0\",\"credit\":\"\",\"camera\":\"\",\"caption\":\"\",\"created_timestamp\":\"0\",\"copyright\":\"\",\"focal_length\":\"0\",\"iso\":\"0\",\"shutter_speed\":\"0\",\"title\":\"\",\"orientation\":\"0\",\"keywords\":[]},\"meta\":false}],\"itemsMetaDataCollection\":[]}<\/script><script>(function(){if(window.PGC_SGB && window.PGC_SGB.searcher){window.PGC_SGB.searcher.initBlocks()}})()<\/script><\/div><\/div>\n\t\t\t\t\t\t<\/div>\n\t\t\t\t<\/div>\n\t\t\t\t<\/div>\n\t\t\t\t\t<\/div>\n\t\t\t\t<\/div>\n\t\t<div class=\"elementor-element elementor-element-0d895d5 e-flex e-con-boxed e-con e-parent\" data-id=\"0d895d5\" data-element_type=\"container\">\n\t\t\t\t\t<div class=\"e-con-inner\">\n\t\t\t\t\t<\/div>\n\t\t\t\t<\/div>\n\t\t<div class=\"elementor-element elementor-element-abf7d78 e-flex e-con-boxed e-con e-parent\" data-id=\"abf7d78\" data-element_type=\"container\">\n\t\t\t\t\t<div class=\"e-con-inner\">\n\t\t\t\t\t<\/div>\n\t\t\t\t<\/div>\n\t\t\t\t<\/div>\n\t\t","protected":false},"excerpt":{"rendered":"<p>Axel Leonardo Soler \u00a0Se recibi\u00f3 en la Facultad de Derecho de la Universidad de Buenos Aires (UBA) con un promedio que le permiti\u00f3 alcanzar el Diploma de Honor en dicha instituci\u00f3n. Desde el a\u00f1o 2015 trabaja en el Estudio Norma B\u00f3veda y Asociados, siendo abogado de la matricula desde el a\u00f1o 2018. Desde el a\u00f1o [&hellip;]<\/p>\n","protected":false},"author":1,"featured_media":0,"parent":0,"menu_order":0,"comment_status":"closed","ping_status":"closed","template":"elementor_header_footer","meta":{"pgc_sgb_lightbox_settings":"","footnotes":""},"class_list":["post-741","page","type-page","status-publish","hentry"],"_links":{"self":[{"href":"https:\/\/normaboveda-asoc.com.ar\/index.php?rest_route=\/wp\/v2\/pages\/741","targetHints":{"allow":["GET"]}}],"collection":[{"href":"https:\/\/normaboveda-asoc.com.ar\/index.php?rest_route=\/wp\/v2\/pages"}],"about":[{"href":"https:\/\/normaboveda-asoc.com.ar\/index.php?rest_route=\/wp\/v2\/types\/page"}],"author":[{"embeddable":true,"href":"https:\/\/normaboveda-asoc.com.ar\/index.php?rest_route=\/wp\/v2\/users\/1"}],"replies":[{"embeddable":true,"href":"https:\/\/normaboveda-asoc.com.ar\/index.php?rest_route=%2Fwp%2Fv2%2Fcomments&post=741"}],"version-history":[{"count":19,"href":"https:\/\/normaboveda-asoc.com.ar\/index.php?rest_route=\/wp\/v2\/pages\/741\/revisions"}],"predecessor-version":[{"id":852,"href":"https:\/\/normaboveda-asoc.com.ar\/index.php?rest_route=\/wp\/v2\/pages\/741\/revisions\/852"}],"wp:attachment":[{"href":"https:\/\/normaboveda-asoc.com.ar\/index.php?rest_route=%2Fwp%2Fv2%2Fmedia&parent=741"}],"curies":[{"name":"wp","href":"https:\/\/api.w.org\/{rel}","templated":true}]}}